 2*o**2 + 4*o + y*o**4. Give w(-5).
-4
Suppose 4*d = -8*d + 60. Let b(a) = -a**3 + 5*a**2 + 3*a - 6. What is b(d)?
9
Let x(i) = -i**3 + 7*i - 1. Let u be x(0). Suppose 2*g + 4 = 6*g. Let a(j) = -1 + g + 1 - 3*j. Calculate a(u).
4
Let y(j) be the second derivative of 0*j**4 + 11*j + 0 - 1/3*j**3 - 1/20*j**5 + 3/2*j**2. What is y(2)?
-9
Suppose 4*m + 24 = 4*t - 4, -4*m + 3*t = 25. Let d(b) be the third derivative of b**5/60 + b**4/6 + 2*b**3/3 + 96*b**2. Calculate d(m).
4
Let t be (-14)/35 + (-4)/(-10). Let r(u) be the third derivative of 0*u + 0*u**3 + t + 1/12*u**4 + 2*u**2. Give r(1).
2
Let b(f) = 3 - 17*f + 18*f - f**2 - 2*f - 5*f. Let z = 1 - 6. What is b(z)?
8
Let a(j) be the third derivative of -j**5/60 + 7*j**4/12 - 3*j**3/2 - 6*j**2 - 2*j. Give a(13).
4
Let g(p) = -6 - 2*p**2 - 2*p + 7 + 2*p**2 + 48*p**3 - 76*p**3. Suppose -5*o + 6 = 1. What is g(o)?
-29
Let h(y) = -y**2 + 25*y - 41. Let n be 6/(-9)*(-8)/(192/828). Calculate h(n).
5
Let z(x) be the first derivative of 4*x**4 + 2*x**3/3 + 3*x**2/2 + 2*x + 106. What is z(-1)?
-15
Let z(t) = -4*t**2. Let r(n) = n**2 - 8*n - 9. Let p be r(10). Suppose 5*y - 30 = 3*h, 0 = y + 2*h - p - 8. Let v = y + -8. What is z(v)?
-4
Let f(v) = v + 7. Let y be f(13). Let c be 3/((-28)/y - -2). Let o(q) = -q**2 + 4*q - 6. Give o(c).
-11
Let v = 400 + -400. Let z(m) = -m**3 - 45. What is z(v)?
-45
Suppose -j + 0*j + 3*z = 0, -7 = 2*j + z. Let y be (-1 + 4)*(-4)/j. Let s(t) = -3*t + 5*t + 6 + 5*t - y*t. Calculate s(-6).
-12
Let m = -98 + 178. Let f(s) = s**3 - 19*s**2 + s + 22. Let g be f(19). Let x(o) = 41*o**2 - m*o**2 - 5*o**3 + o + g*o**2. Determine x(-1).
6
Suppose 0 = -4*o + 7*o + 6. Let m = o - -20. Suppose q - 4*g = 6, -4*g = 3*q + 2*q + m. Let f(j) = -2*j**3 + 2*j. Determine f(q).
12
Let c(a) = -2*a**2 + 6*a - 8. Let h(d) = d**2 + 1. Let p(v) = c(v) + 3*h(v). Let l(o) = o**3 + 5*o**2 + o - 7. Let m be l(0). What is p(m)?
2
Let y(i) = i**2 + 6*i - 4. Suppose 0 = 3*b - 4*b + 30. Let t be 15*-2*5/b. What is y(t)?
-9
Let q(u) = u**3 - 2*u**2 - 10*u + 7. Suppose 10*p = 2*l + 12*p - 2, -12 = 4*p. Determine q(l).
-1
Let p = -14 + 9. Let j(q) = -q**3 + 5*q**2 + 14*q + 5. Let k be j(7). Let w(z) = k*z**2 + 9*z + 3*z + 6 - 4*z**2 - 6*z. Determine w(p).
1
Suppose 5*x - 16 = 14. Let j(h) be the first derivative of -h**3/6 + 3*h**2/2 - 11*h - 7. Let g(m) be the first derivative of j(m). Calculate g(x).
-3
Let p = 18 + -17. Suppose -p + 4 = u. Let t(l) = l**2 - 1. Calculate t(u).
8
Suppose s + 1 = 18. Let k = 11 - s. Let x(p) = 3*p**2 + 6*p - 9. Let m(a) = -a**2 + 1. Let z(y) = -2*m(y) - x(y). Determine z(k).
7
Let z(n) = -4 - 70*n - 8 + 69*n + 10. Determine z(3).
-5
Let f(g) = g**2 + 11*g - 13. Let w = 135 + -128. Suppose -4*v = -3*i + 63, -5*i + w*i + 2 = -v. Calculate f(v).
-1
Suppose -2*l + 5*l = -5*z - 39, -4*l - 24 = 2*z. Let o(t) = -6*t**3 - 6*t**2 + 6 + 4*t**3 + t + t**3. Give o(z).
0
Let k(y) = y**2 - 5*y - 4. Let o = 14 - 10. Suppose 8 = l + o*n, -l - n - 4*n + 6 = 0. Let c = 21 - l. Determine k(c).
-4
Let r(b) be the first derivative of -b**3/3 + 5*b**2/2 - 5*b + 203. Suppose 0 + 15 = -5*v. Let s = 7 + v. Determine r(s).
-1
Let h be -2 - 0 - 1/((-7)/49). Let g(d) = 2*d - 5 + 6 - h + 1. Calculate g(3).
3
Suppose -64 - 47 = -37*a. Let i(w) be the second derivative of 0 - 1/12*w**4 - 1/6*w**a + 0*w**2 - 7*w. What is i(1)?
-2
Let a(y) = -y**2 + 5*y - 2. Let p be a(6). Let t(c) = -13*c**2 - 81*c + 3. Let m(u) = -2*u**2 - 12*u + 1. Let q(j) = -6*m(j) + t(j). Calculate q(p).
5
Let u(r) = r**3 + 4*r**2 + 3*r + 1. Let f(j) = -j**3 - 6*j**2 - 4*j. Let b(a) = -4*f(a) - 5*u(a). Let k(t) = -t. Let o be k(-4). Calculate b(o).
-1
Let h(m) = -14*m**2 + 3*m + 3. Let r be h(2). Let u = 49 + r. Let y(l) = 2*l + 2. Calculate y(u).
6
Let g(w) = -w**3 + 2*w**2 + 3*w - 4. Let d(f) = -3*f - 34. Let m be d(-12). Suppose m*r = 10*r - 24. What is g(r)?
-4
Let u(h) be the third derivative of -h**4/12 + 13*h**3/6 + 73*h**2. Give u(9).
-5
Let h = -17 + 11. Let c(j) be the second derivative of j**3/6 + 5*j**2/2 - 26*j. Calculate c(h).
-1
Suppose -3*c = -5*v - 0*c - 5, -3*v - 22 = 2*c. Let j be 2/(-1 - 1) - v. Let m(p) = 3*p - 1063 + 1063 - p**2. Determine m(j).
0
Let f(i) be the second derivative of -i**5/20 + i**3/6 - 21*i**2/2 + 50*i + 1. Determine f(0).
-21
Suppose -7*u - 1504 + 97 = 0. Let r = 194 + u. Let z(d) = -d**2 - 3*d + 8 - 2*d - d. Calculate z(r).
1
Let q(h) = 12 - 70*h**2 + 132*h**2 - 14*h - 73*h**2 + h**3. Calculate q(12).
-12
Let h(j) be the second derivative of -1/4*j**4 + 0 + 1/2*j**2 + 1/6*j**3 + 2*j. Let p be h(1). Let a(x) = -3*x. What is a(p)?
3
Suppose -2*d + 10 = 2*u, u - d - 7 = -4*u. Let g(o) = -2 + 4*o + 5*o - 6*o. Calculate g(u).
4
Let t(f) = 2*f + 4. Suppose 12*y - 16*y - 4*a = -8, 0 = a + 4. Calculate t(y).
16
Let j(r) be the third derivative of r**5/60 - 5*r**4/24 - 25*r**2 + 2*r. Calculate j(6).
6
Let u(z) be the first derivative of z**2 - 5*z + 110. What is u(5)?
5
Let d(p) = -2*p + 2. Let l(w) = -w**3 - 2*w**2 - 4. Let o be l(-3). Let s(t) = 2*t - 1. Let m(g) = o*s(g) + 6*d(g). Determine m(7).
-7
Let w(v) = 2*v - 9. Let h be w(6). Let u(c) = 3 + h*c**2 - 2*c - 5 + 2*c**2 - c**3. Let i(y) = 4*y**2 - y - 1. Let t be i(-1). Calculate u(t).
6
Let c(t) = -2*t + 4 + t + 2*t. Let v = 13 - 13. Suppose v = 7*y - 3*y. Give c(y).
4
Let v be (-4)/(-10)*(-20)/(-4). Let l(u) be the third derivative of -u**5/60 + u**2. Give l(v).
-4
Let u(r) = 0*r - r + 3 + 0*r. Suppose -48 = -137*a + 136*a. Let q be (-1 + -1)/((-32)/a). Determine u(q).
0
Let c(k) be the third derivative of -1/24*k**6 + 1/60*k**5 - 1/24*k**4 + 0 + 5*k**2 + 1/6*k**3 + 0*k. Give c(1).
-4
Suppose 0*y = -b + 2*y - 2, 3*y + 4 = 5*b. Let r(l) = -b*l**2 + 67 - 67 + 9*l**2. Calculate r(-1).
7
Let w(v) = -3*v**2 + 3*v - 9. Let z(i) = -2*i**2 + i - 5. Let d(f) = -f - 9. Let a be d(-6). Let b(m) = a*w(m) + 5*z(m). What is b(-5)?
-3
Let u be 6 + 6/(-14) - (-3)/7. Let y(t) = t - u*t + 6*t + 0 + 2. Give y(-2).
0
Let n(b) be the second derivative of b**4/6 - b**3/3 - b**2 + 30*b. Let m(l) be the first derivative of n(l). What is m(-4)?
-18
Let d(o) = 3*o**2 - 149*o - 147*o + 293*o - 2. Calculate d(3).
16
Let j(x) = 4*x + 4*x - 17 - 5*x + 4 - 2*x. Let u = -5 - -5. What is j(u)?
-13
Let j(x) = -x + 29. Let y be j(27). Let g(s) = -3*s + 1. Determine g(y).
-5
Suppose -5 + 4 = -a. Let d(w) = 4*w. Let s be d(a). Let p = s + -8. Let u(l) = l**3 + 3*l**2 + 4. Determine u(p).
-12
Let x(k) = -k**3 - 6*k**2 - 7*k - 4. Let u be x(-5). Let o(a) = -3*a + 8. Determine o(u).
-10
Suppose -4*r + 14 = t, 2*r - 4*t = r + 12. Let l = 9 - r. Suppose -4*q + 3*v - 3 = l, -5*v - 10 = 5*q. Let x(m) = -6*m - 2. Determine x(q).
10
Suppose -2*y = -2*x + 14, 29 = -5*y + 3*x - 0*x. Let w(o) = o**2 - o - 1. Let l(p) = -2*p**2 + 9*p. Let r(j) = l(j) + 4*w(j). Calculate r(y).
8
Let s(y) = 50*y + 2 + 5*y - 63*y. Give s(1).
-6
Let k(x) = x**2 + 6*x - 5. Suppose 5*c = -w - 0*w + 20, w + 15 = 2*c. Let q be (-40)/(-12) + 2/(-6). Suppose 4*g = 4*z - g + 10, -q*z = -c*g + 5. Give k(z).
-10
Let y(g) = -g - 6. Let b be y(-6). Suppose b = o + 3 - 7. Let w(i) = -i**2 + 2*i + 1. Determine w(o).
-7
Let p(d) = 4*d**3 + 2*d**2 - 2*d + 1. Let m be p(1). Let y(s) = s**2 - 6*s - 5. What is y(m)?
-10
Suppose 4*c - 3*x = 27, 2*c - c - 2*x - 13 = 0. Let i(a) = -a**2 + 0 + c + 5*a + 5. Calculate i(6).
2
Let r(t) be the second derivative of -t**5/20 - 2*t**4/3 - 7*t**3/6 + 2*t**2 + 5*t - 11. Suppose -34 = 3*q + 3*b - 7, 3*q + 2*b + 25 = 0. Determine r(q).
4
Let c(y) = y. Suppose s = -4*s - 20. Let w(o) = -3*o - 17. Let p(g) = s*c(g) - w(g). Determine p(0).
17
Let k be 1*(4 - 0/1). Let l(v) = v**2 - 5*v + 1. Give l(k).
-3
Let d(a) = 0 - 7*a**3 + 4 - 3. Let r(y) = -y**2 + 15*y + 10. Let u be r(15). Let g be (-8)/u - 16/80. Give d(g).
8
Let r(m) be the first derivative of -m**5/60 - m**4/6 + m**3/3 - m**2/2 + 3. Let b(z) be the second derivative of r(z). Let u = -28 + 23. Calculate b(u).
-3
Let f(v) be the third derivative of 2/3*v**3 - 1/120*v**6 + 3/20*v**5 - 11*v**2 + 0 + 0*v - 1/3*v**4. Calculate f(8).
4
Let q(j) = -2*j - 9. Let y be ((-172)/(-3) - -2) + (-16)/(-24). Suppose 7*c + 3*c + y = 0. Determine q(c).
3
Let o(w) = 38*w. Suppose -94*q + 5 = c - 91*q, -5*c = 5*q - 5. Give o(c).
-38
Let v(l) = -2 + 6*l**2 +